- 2*v - 31. Determine m(7).
4
Let z(f) = f**3 + 10*f**2 + 4*f - 27. Determine z(-8).
69
Let w(p) = -p**3 + 13*p**2 + 14*p + 10. What is w(14)?
10
Let n(f) = -17*f + 184. What is n(8)?
48
Let m(f) = f**3 - 7*f**2 + 20*f - 6. What is m(5)?
44
Let p(z) = -z**2 + 10*z - 10. Calculate p(5).
15
Let t(j) = 5*j - 2. Calculate t(1).
3
Let h(w) = -12*w - 189. Calculate h(-16).
3
Let f(w) = w**3 + 11*w**2 - 16*w - 22. Calculate f(-13).
-152
Let y(h) = -h**2 + 12*h - 1. Determine y(12).
-1
Let j(q) = 5*q**3 - 102*q**2 + 39*q + 19. Determine j(20).
-1
Let y(f) = f**2 + 25*f + 145. Determine y(-12).
-11
Let z(d) = d**2 + 28*d + 44. What is z(-26)?
-8
Let k(t) = -11*t - 3. What is k(3)?
-36
Let k(q) = 16*q. Determine k(-1).
-16
Let c(z) = -3*z**2 + 14*z + 4. Calculate c(5).
-1
Let r(w) = 2*w**2 - 21*w - 23. Determine r(11).
-12
Let q(f) = -6*f**2 - f + 1. Calculate q(-1).
-4
Let f(u) = -u**2 - 17*u + 20. What is f(-18)?
2
Let k(w) = -w**2 - 47*w + 103. Determine k(-50).
-47
Let h(m) = -9*m + 7. Determine h(6).
-47
Let a(i) = -2*i**3 - 5*i**2 + 11*i + 1. Determine a(-4).
5
Let n(a) = 2*a**2 + 19*a + 40. What is n(-5)?
-5
Let d(f) = -2*f**2 + 36. Determine d(4).
4
Let i(k) = 29*k + 7. Calculate i(1).
36
Let k(f) = -f**3 + f**2 + 5*f - 5. Calculate k(3).
-8
Let s(j) = -j**3 + 13*j**2 + 23*j - 22. Calculate s(15).
-127
Let q(t) = -2*t**3 + 2*t**2 + t - 1. Give q(2).
-7
Let z(h) = -38*h**2 + 20*h + 20. Give z(-1).
-38
Let x(s) = -s**3 + 3*s**2 + 5*s - 2. What is x(4)?
2
Let k(f) = -3*f + 2. What is k(2)?
-4
Let z(c) = c - 9. Calculate z(8).
-1
Let j(h) = h**3 - 7*h**2 + 12*h - 30. What is j(6)?
6
Let u(s) = s**3 + 10*s**2 - 11*s + 8. Calculate u(-11).
8
Let z(l) = 2*l**3 + 4*l**2 + 2*l - 2. What is z(-3)?
-26
Let m(i) = i**3 - 8*i**2 - 10*i + 17. Determine m(9).
8
Let l(n) = -n**2 + 9*n + 10. Determine l(5).
30
Let c(h) = h**2 + 22*h + 107. Give c(-9).
-10
Let b(m) = 2*m - 71. What is b(32)?
-7
Let w(b) = 16*b + 20. Determine w(-3).
-28
Let i(m) = -4*m**2 - 8*m + 12. Give i(2).
-20
Let l(o) = o - 6. What is l(9)?
3
Let c(f) = 3*f**2 + 4*f + 3. Calculate c(-5).
58
Let o(i) = i**2 + 13*i + 2. Calculate o(-12).
-10
Let d(j) = -2*j**2 + 15*j - 33. Calculate d(4).
-5
Let b(v) = v**3 + 5*v**2 + 6*v + 7. Determine b(-3).
7
Let v(c) = -4*c + 7. What is v(-10)?
47
Let h(z) = -z**3 - 9*z**2 - 6. Determine h(-9).
-6
Let t(c) = c - 3. Calculate t(9).
6
Let h(t) = t**2 - 17*t - 54. What is h(20)?
6
Let z(l) = l**3 + 6*l**2 + 3*l - 2. Determine z(-4).
18
Let d(q) = -18*q - 10. Give d(6).
-118
Let i(a) = 2*a + 34. Calculate i(-18).
-2
Let d(t) = -4*t - 8. Determine d(-6).
16
Let v(h) = h + 10. Determine v(-12).
-2
Let l(q) = 2*q - 27. Calculate l(25).
23
Let u(p) = -5*p - 91. Determine u(-16).
-11
Let b(x) = -x**3 + 41*x**2 + 42*x - 5. Calculate b(42).
-5
Let z(h) = -4*h - 13. Give z(-4).
3
Let h(a) = 4*a**2 - 5*a - 4. What is h(2)?
2
Let a(r) = -r**3 + 13*r**2 - 13*r - 16. Calculate a(11).
83
Let l(a) = a**3 - 38*a**2 - 2*a + 87. Give l(38).
11
Let l(p) = p**2 - 10*p + 3. Calculate l(9).
-6
Let o(w) = w**3 - 16*w**2 + 2*w - 25. What is o(16)?
7
Let d(l) = l**3 - 5*l**2 + l - 4. Determine d(4).
-16
Let u(z) = -z**2 + 4*z + 15. Calculate u(-3).
-6
Let c(n) = n**3 + 10*n**2 - 24*n - 5. Give c(-12).
-5
Let q(w) = -20*w - 14. Calculate q(4).
-94
Let x(s) = 107*s**3 - 3*s**2 - 2*s. What is x(-1)?
-108
Let d(u) = -u**3 + u**2 + u + 44. What is d(0)?
44
Let q(b) = b**3 - 2*b**2 - 9*b - 6. Determine q(6).
84
Let i(l) = 7*l**2 + 2*l + 2. Determine i(-2).
26
Let b(q) = q - 25. Calculate b(17).
-8
Let k(u) = u**2 - 18*u - 2. What is k(7)?
-79
Let x(o) = 5*o + 7. Determine x(-6).
-23
Let f(v) = v**2 + 17*v + 22. Calculate f(-16).
6
Let a(v) = v**3 - 15*v**2 - 32*v - 32. What is a(17)?
2
Let s(m) = m**2 - 15*m + 10. What is s(16)?
26
Let g(y) = -2*y + 19. Give g(5).
9
Let y(a) = -a**2 + 10*a - 23. Determine y(7).
-2
Let q(b) = b**3 + 2*b**2 + 1. Determine q(-3).
-8
Let d(s) = -2*s**2 + 6*s - 8. Calculate d(4).
-16
Let v(g) = g**3 + 33*g**2 + 88*g - 51. Give v(-30).
9
Let p(i) = 11*i. Determine p(3).
33
Let r(j) = j**3 - 7*j**2 - 5*j - 12. Determine r(8).
12
Let w(z) = z**3 - z**2 + z + 14. Determine w(0).
14
Let h(l) = -141*l - 1977. What is h(-14)?
-3
Let l(t) = -t**2 + 15*t - 37. Give l(11).
7
Let w(x) = x**2 + 4*x - 4. Determine w(0).
-4
Let n(a) = -2*a**2 - 3*a + 36. Calculate n(-5).
1
Let f(k) = -59*k**3 - k - 1. Determine f(-1).
59
Let g(n) = n**2 - 4*n + 4. What is g(5)?
9
Let y(w) = 12*w**2 + 3*w - 5. Give y(2).
49
Let i(f) = -3*f - 22. Determine i(-10).
8
Let n(d) = -d**3 - 21*d**2 - 38*d - 5. Calculate n(-19).
-5
Let i(q) = 12*q + 1. Give i(-6).
-71
Let s(b) = -5*b**2 - 22*b + 5. Determine s(-6).
-43
Let c(r) = -8*r**2 + r - 1. Determine c(1).
-8
Let f(t) = -t**2 + 3*t - 2. Give f(-4).
-30
Let d(t) = t**3 + 12*t**2 + 5*t + 15. Calculate d(-12).
-45
Let x(f) = f**3 + 7*f**2 - 7*f + 1. Calculate x(-8).
-7
Let z(i) = i**3 + 6*i**2 - 10. Determine z(-6).
-10
Let t(v) = -v**2 + 21*v + 31. What is t(16)?
111
Let m(v) = -v**2 + 9*v - 7. Calculate m(3).
11
Let v(m) = -3*m + 76. Give v(16).
28
Let x(u) = 77*u + 1. Determine x(-2).
-153
Let z(i) = 2*i**2 + 4*i - 47. Determine z(5).
23
Let b(n) = n**3 + 7*n**2 - 8*n - 2. Calculate b(-8).
-2
Let h(x) = 5*x - 1. Determine h(3).
14
Let r(n) = -49*n - 408. What is r(-8)?
-16
Let n(p) = -p**2 - 11*p - 31. What is n(-9)?
-13
Let s(v) = 5*v + 3. Determine s(8).
43
Let g(a) = a**3 - 5*a**2 + 4*a - 4. Calculate g(4).
-4
Let w(h) = h**2 + 18*h - 42. What is w(-20)?
-2
Let b(o) = -o**3 - 8*o**2 + 2*o + 25. Calculate b(-8).
9
Let w(o) = o**3 + 13*o**2 - 3. Give w(-13).
-3
Let o(q) = -q**2 + 5*q - 1. Determine o(3).
5
Let i(k) = -4*k - 77. What is i(-18)?
-5
Let j(k) = -k**3 - 4*k**2 + 5*k + 2. Calculate j(-5).
2
Let z(q) = -q**2 + 9*q - 2. Give z(5).
18
Let r(z) = z**2 - 17*z - 79. Calculate r(21).
5
Let m(y) = 2*y**2 + y - 71. What is m(6)?
7
Let s(r) = -4*r**2 + 5*r + 3. Give s(-2).
-23
Let k(f) = -f**3 - 10*f**2 - 11*f - 2. Calculate k(-9).
16
Let l(w) = w**3 - 2*w**2 + 4*w - 5. Give l(4).
43
Let k(w) = w**2 + 9*w - 19. What is k(-13)?
33
Let l(a) = a**3 - 8*a**2 + 15. Determine l(5).
-60
Let u(i) = -i**3 + 15*i**2 + 2*i - 36. Calculate u(15).
-6
Let j(z) = -z**2 - 27*z - 70. Determine j(-3).
2
Let g(n) = 79*n**2 + 4*n - 2. Calculate g(1).
81
Let s(n) = -10*n + 34. Give s(10).
-66
Let m(a) = a**2 - 21*a + 100. Calculate m(7).
2
Let u(y) = y**2 - 4*y - 8. What is u(8)?
24
Let a(l) = -l**3 + 10*l**2 + 3*l - 9. Calculate a(10).
21
Let q(d) = -d**2 - 14*d - 36. Determine q(-9).
9
Let o(h) = -h**2 + 8*h + 2. What is o(5)?
17
Let i(w) = -29*w + 212. Calculate i(8).
-20
Let d(x) = x - 1. What is d(-3)?
-4
Let o(f) = f**3 + 19*f**2 + 19*f + 16. Determine o(-18).
-2
Let n(a) = -a**3 - 6*a**2 + 13*a - 3. Give n(-8).
21
Let m(p) = -15*p - 33. What is m(-14)?
177
Let x(p) = p**2 - 1. Give x(5).
24
Let a(k) = -k**3 + 37*k**2 - 70*k - 39. Calculate a(35).
-39
Let s(x) = -8*x - 132. What is s(-21)?
36
Let a(f) = -f**3 + 4*f**2 + 2*f - 10. Determine a(3).
5
Let k(l) = 184*l + 1104. What is k(-6)?
0
Let l(r) = -6*r + 23. Determine l(-2).
35
Let f(m) = -2*m**2 - 4*m + 5. What is f(-4)?
-11
Let l(r) = -5*r. Determine l(-2).
10
Let h(b) = -b + 21. What is h(17)?
4
Let v(q) = q**3 - 3*q**2 - 17*q - 1. Determine v(5).
-36
Let t(f) = f**2 + f - 4. Determine t(2).
2
Let z(c) = -4*c**2 - 38*c - 17. Calculate z(-12).
-137
Let k(d) = d**2 + 14*d. Determine k(-9).
-45
Let w(j) = j**2 - 19*j + 10. What is w(11)?
-78
Let c(s) = s**2 + 11*s + 15. Give c(-2).
-3
Let m(r) = -2*r**2 - 31*r - 34. Calculate m(-14).
8
Let m(g) = g**2 - 4*g - 60. Determine m(10).
0
Let t(c) = 4*c**2 - 4*c + 2. Give t(2).
10
Let q(d) = d**2 + 25*d + 15. Calculate q(-25).
15
Let r(w) = -3*w - 8. Give r(-3).
1
Let v(c) = -c**2 - 12*c - 8. Calculate v(-9).
19
Let p(h) = -14*h + 210. Calculate p(16).
-14
Let b(a) = -a**2 + 26*a + 4. What is b(11)?
169
Let w(l) = -l**3 + 7*l**2 - 10. Determine w(5).
40
Let w(m) = 8*m + 54. Determine w(-5).
14
Let z(d) = -d**2 - 10*d - 12. Determine z(-9).
-3
Let w(o) = -3*o - 2. Give w(-1).
1
Let q(x) = -x**3 - 12*x**2 + 13. Determine q(-12).
13
Let d(x) = -2*x**2 - 27*x - 29. Give d(-12).
7
Let u(r) = 12*r**2 - 3*r + 3. Give u(1).
12
Let p(i) = 5*i**2 + 6*i + 8. Determin